*s**2. What is p(i)?
-8
Let z(f) = f**3 - 3*f**2 - f + 2. Let o be (10/(-35))/(216/(-42) - -5). Determine z(o).
-4
Let a be (-57)/(-9) + ((-6)/(-9) - 1). Let l(c) = 7*c**3 + 8*c**2 - c - 8. Let x(z) = 8*z**3 + 8*z**2 - 2*z - 8. Let s(r) = a*x(r) - 7*l(r). Determine s(-7).
-6
Let i = 9 + 0. Let b be 8 - (-3)/(i/(-6)). Let m(h) be the second derivative of h**4/12 - 7*h**3/6 + 4*h**2 - 3*h. Give m(b).
2
Let o = 18 - 17. Let t(l) = 2*l - l + 0*l + o - 5. What is t(-3)?
-7
Suppose 0 = 92*k - 95*k + 15. Let d(q) = q**3 - 5*q**2. Give d(k).
0
Let q(p) = -2*p**3 + 5*p**2 - 4*p - 1. Let h be q(2). Let n(m) = -m**3 - 3*m**2 + 3*m + 1. Determine n(h).
36
Let d(h) = -9*h**2 + 89*h - 15. Let q(m) = -14*m**2 + 138*m - 22. Let b(o) = 8*d(o) - 5*q(o). What is b(11)?
-10
Let x(s) = -s**3 - 6*s**2 + s - 2. Let z(y) = 2*y**3 + 24*y**2 - 10*y + 10. Let k(j) = 3*x(j) + z(j). Let o = 5 - 0. Give k(o).
-6
Let q = 173 - 172. Let r(o) = 12*o - 2. Calculate r(q).
10
Let i(o) be the first derivative of 0*o + 1/3*o**4 + 0*o**2 + 2*o**3 + 1/40*o**5 + 1. Let u(b) be the third derivative of i(b). What is u(-6)?
-10
Let v(p) be the third derivative of -p**6/120 + p**5/12 - 7*p**3/6 + 122*p**2. Let u be 6*(3/(-9))/(-1). Let x = u - -3. Calculate v(x).
-7
Let k(b) = b**3 + 8*b**2 + b - 3. Let j be (-3 + 11)*3/(-6). Let g be j*1 + 10 + -14. Calculate k(g).
-11
Let h(n) = -313*n + 0*n**2 - 2*n**2 + n**3 + 314*n + n**2. Let i = 5 - 1. Suppose i*u - 2 = y, 4*u + 4*y = 7 + 5. Determine h(u).
1
Let m(k) be the third derivative of -1/6*k**4 + 16*k**2 + 0 + 0*k + 1/30*k**5 + 0*k**3. Determine m(3).
6
Let j(z) be the third derivative of -z**4/24 - 5*z**3/6 + z**2. Suppose 40 = -862*w + 852*w. Calculate j(w).
-1
Let l(f) = 6*f**2 + f + 1. Let g be l(-1). Let u(p) = -22*p + 36. Let b(n) = -9*n + 17. Let r(j) = -5*b(j) + 2*u(j). Determine r(g).
-7
Let i(w) = -2*w**2 - 4*w + 5. Let k be (-18)/180*-25 - (-30)/(-4). Give i(k).
-25
Let q(u) = 12*u - 43. Suppose -135*a + 510 = -30. Calculate q(a).
5
Let u(t) = -t**3 - 10*t**2 - 6*t + 4. Suppose 19*s + 72 = 11*s. Give u(s).
-23
Let s(n) = -10*n**2 - n. Let m = 75 + -70. Suppose 0 = q - 2*d + m*d - 7, -2*q + 4 = d. Calculate s(q).
-11
Suppose 22 - 7 = 5*y. Let z(n) = 66 - 2*n - y*n - 66. What is z(1)?
-5
Let z be (3/(-6))/(2/4). Let t(c) be the second derivative of -c**3/6 + 2*c. Determine t(z).
1
Let c(r) be the first derivative of 0*r**3 - 19 + 1/4*r**4 - 2*r + 1/2*r**2. Give c(2).
8
Suppose -4*j = -0*j + 4. Let i be (-21)/9 - j/3. Let b(c) = c**3 - c**2 - 2*c + 1. Determine b(i).
-7
Let r = -2 + 6. Let i(b) = b**2 + 30*b - 62. Let f be i(-32). Let n(p) = 8*p + f*p - 12*p + r. Give n(-5).
14
Suppose 48*z = 29 + 67. Let q(w) = -5*w**2 - 2*w - 1. Let o(x) = x**2. Let j(y) = -6*o(y) - q(y). Determine j(z).
1
Let d be (-2)/4*(-41 + -17). Let p = d - 32. Let j(k) be the first derivative of -k**3/3 - 2*k**2 - 2*k - 3. Determine j(p).
1
Let a = -14 - -13. Let u(z) be the third derivative of -z**4/24 - z**3/6 - 43*z**2. Give u(a).
0
Let x(h) = -3. Let d(b) = 5*b**2 - 2*b - 17. Let y(t) = d(t) - 6*x(t). Determine y(2).
17
Let p(n) = -n**2 + 3*n + 11. Let z be (-19)/(-38)*(-9)/(36/(-56)). Calculate p(z).
-17
Let p(i) be the first derivative of i**3/3 + 7*i**2/2 - 1. Let o be (-7)/2*(8 - 48/8). Give p(o).
0
Suppose 3*g + 2*h + 2*h - 21 = 0, 5*g - 24 = -3*h. Let b(y) = 7. Let p(t) = -t - 6. Let s(r) = g*p(r) + 2*b(r). Calculate s(-4).
8
Let q(l) be the first derivative of l**6/360 - l**5/24 + l**4/12 + l**3/3 + 8. Let i(t) be the third derivative of q(t). Determine i(3).
-4
Let z(y) = -4*y**3 - 7*y**2 + 7. Let d(r) = -r**3 - r**2 - r + 1. Let o(t) = -3*d(t) + z(t). What is o(-4)?
-8
Let w(l) = -8 + 7*l**2 - 6*l**2 - 2 + 14*l - l - 3*l. Determine w(-11).
1
Suppose 0 = 5*q - 3*h + 42, 6*h = -q + 2*h + 10. Let t(g) = -g**3 - 5*g**2 + 6*g + 6. Calculate t(q).
6
Let w = -30 + 44. Let u(h) = 2*h**2 + 16 + 4*h - w - 3*h + h**3. Let p be (-15)/(3/1) + 2. What is u(p)?
-10
Let m = 0 + 2. Suppose 0 = -m*b - 3 + 1. Let z(j) = 2*j**3 - j - 6. Let p(s) = -3*s**3 + s + 5. Let h(r) = 6*p(r) + 5*z(r). Give h(b).
7
Suppose 8 = t + 14. Let v(c) = -c**3 - 5*c**2 + 5*c - 7. Let b be v(t). Let l(h) = -h. What is l(b)?
1
Let f(r) = -2*r + 37. Let v(q) = -2*q + 36. Let i(d) = 3*f(d) - 2*v(d). What is i(18)?
3
Let f(p) = 9*p**2 + p + 12*p**2 + 9 - 6*p**2 - 14*p**2 - p**3. What is f(0)?
9
Suppose 4*q = 5*q - 3. Suppose -q*d + 6 + 9 = 0. Let i(n) = 0 + d*n + 2 - 3 + 0*n. What is i(-2)?
-11
Let o(t) = t**3 + t + 3. Suppose 4*g + 1 - 16 = 3*k, 4*k + 13 = 3*g. Suppose 0 = 2*l - l - g. Suppose 6*s + z - 5 = 2*s, -15 = 4*s - l*z. What is o(s)?
3
Let g = -329 - -334. Let s(y) = -3 - 2 - 6*y + y**2 + 1. Calculate s(g).
-9
Suppose 0 = 6*n, -3*n = -2*t + 4 - 12. Let b(l) = l**3 + 3*l**2 + l + 4. Calculate b(t).
-16
Let t be (3/6)/(3/6). Suppose 4*r - 7 = t. Let o(y) = -3 - y**2 + 1 - r*y**2 - 1 - 2*y - y**3. What is o(-2)?
-3
Let w(f) = 5*f**3 - f**2 + 11*f + 3. Let v(h) = h**3 - h**2 + 2*h + 1. Let c(j) = -4*v(j) + w(j). What is c(-5)?
-66
Let g(s) = 10*s**2 - s + 1. Suppose 4*o - 9 = 3*r, 0 = 6*r - 7*r - 2*o + 7. Give g(r).
10
Let q(p) = -p**3 - p + 1. Let r(f) be the third derivative of f**6/60 + f**5/60 - f**4/24 - f**3/3 + 30*f**2. Let m(s) = q(s) + r(s). Calculate m(-1).
1
Let b(l) be the second derivative of 13*l**7/840 - l**5/120 + l**4/24 + l**3/6 + 3*l. Let j(g) be the second derivative of b(g). Calculate j(1).
13
Let c(d) be the second derivative of -d**5/20 + d**4/6 - d**3/3 - d**2 + 287*d. Let n be (-16)/(-6) + (-4)/6. Determine c(n).
-6
Suppose -131*d + 149*d - 90 = 0. Let z(m) = m**2 + 4*m - 3. Let i be z(-5). Let h(j) = -4*j**2 - j + 3*j**i + 5*j. Calculate h(d).
-5
Let m(v) be the first derivative of v**5/60 - v**3/3 - 5*v**2/2 - 5. Let r(x) be the second derivative of m(x). Give r(-2).
2
Suppose -3*p - 4880 + 4841 = 0. Let k(f) = -f**2 - 16*f - 33. Give k(p).
6
Let z(g) = -6*g**2 - 34*g + 13. Let u(n) = n**3 - 11*n**2 + 25*n - 14. Let r be u(8). Calculate z(r).
1
Suppose 2*u = 4*u - 4. Let t(r) = 2 + 2*r + u*r - r + r**2 - 9. Determine t(-6).
11
Let x be (40/100)/((-1)/10*-1). Suppose -x*g + 8 = -2*y, y = 3*y - 3*g + 8. Let i(v) = v**3 + 4*v**2 - 1. Determine i(y).
-1
Suppose 2*k + j = 7*k - 178, -82 = -2*k + 4*j. Suppose -k = 4*g + 5. Let v(u) = -u**3 - 9*u**2 + 10*u - 5. Give v(g).
-5
Let x(z) = 3*z**2 - 3*z + 3. Let v(n) = -n**2 + 20*n + 23. Let q be v(21). Give x(q).
9
Let s(a) be the first derivative of -3*a**2 - 13*a + 810. Give s(10).
-73
Let h(a) = 3*a + 7. Let u(w) be the third derivative of w**4/24 + w**2. Let b be 3*(-1)/(-15)*-5. Let x(o) = b*h(o) - u(o). Determine x(-5).
13
Let l be 4/(-10) - (-18)/(-5). Let m(t) = t**2 + 12*t - 8. Let x be m(-13). Let y(z) = 1 + 25*z**2 - x*z + 25*z**2 - 51*z**2 + 3*z. Determine y(l).
-7
Suppose 0*h = -4*s - h + 9, -3*h = -15. Suppose -4*f + f = -12. Let k be -2 - (s + -2 + f). Let w(a) = -a - 6. Calculate w(k).
-1
Let r = -1538 - -1556. Let i(c) = -c**2 + 20*c - 25. Determine i(r).
11
Let z(g) = -3*g + 10. Let v be z(4). Let t(p) be the second derivative of 1/3*p**3 + 0 - p**2 + 1/3*p**4 - 3*p + 1/20*p**5. Calculate t(v).
2
Let b(k) = k**3 - 2*k**2 + k - 3. Let s = 287 + -284. What is b(s)?
9
Let w(q) = q**2 - 12*q - 2. Let j(p) = -p**2 + 10*p + 2. Let h(v) = 6*j(v) + 5*w(v). Let u = 0 - 2. What is h(u)?
-2
Let p be 4/(-4) + (-2 - -5). Suppose p*u + 3*u - 75 = 0. Let r = -12 + u. Let z(k) = k - 1. Give z(r).
2
Let d(v) = 6*v + 13. Let u be d(-3). Let x(f) = -f**2 - 3*f + 7. What is x(u)?
-3
Let i(q) be the third derivative of q**4/12 + 5*q**3/3 + 6*q**2 - 6. Calculate i(-11).
-12
Let q be (-686)/(-22) - -6*(-7)/231. Suppose 4*y = -12, -4*n + 0*y + q = -5*y. Let h(o) = o**2 - 7*o + 6. Give h(n).
-6
Let z(m) = 0*m**2 - 3*m + 0*m**2 - 2*m + 3*m**2 - 2. Let t(r) = -5*r**2 + 10*r + 5. Let f(n) = -4*t(n) - 7*z(n). Determine f(-5).
-6
Let f = -1233 - -1236. Let r(v) = -2*v**3 + 4*v**2 - 4*v - 1. Calculate r(f).
-31
Let p = 3 - 2. Let q(o) be the third derivative of 7*o**6/120 - o**4/24 - 9*o**2. Calculate q(p).
6
Let f(l) = 3*l**2 + 23*l + 13. Let b(v) be the second derivative of v**4/6 + 5*v**3/2 + 9*v**2/2 + 41*v. Let m(o) = -8*b(o) + 5*f(o). Determine m(-5).
-7
Let z(i) be the second derivative of -i**3/6 + 3*i**2/2 + 3*i 